e
Let a = 43 + -31. Let b be (-709)/(-3)*2/(a/18). Suppose b = 13*l - 12*l. Is l a composite number?
False
Let a = 220152 + -42503. Is a a composite number?
True
Suppose 12 = -y - 9*q + 12*q, -2*y + 16 = 4*q. Is (y - 1)/((-65)/43745) a prime number?
True
Suppose -11677931 - 149467312 = -25*i - 38*i. Is i a prime number?
True
Let z = 17100 - 10026. Suppose 0 = 5*b + 2*c - 12141, 3*b - z = 2*c + 217. Is b a prime number?
False
Let z(f) = -503*f**3 - 9*f**2 + 22*f - 4. Let j be z(5). Is (5/10)/((-3)/j) composite?
False
Suppose -u + h + 1168818 = 0, 198*u - 3506455 = 195*u + 2*h. Is u a composite number?
False
Let o(c) = 1 + 12819*c - 12 - 14 - 13. Is o(1) composite?
False
Let s(u) = -6*u**3 - 2*u**2 + 38*u + 1. Let i(c) = c**3 - 2*c**2 + c - 1. Let y(w) = -4*i(w) - s(w). Is y(5) a prime number?
True
Let v be 6 - ((-5)/4)/(23/(-9752)). Let w = -1097 - -1872. Let h = w + v. Is h a prime number?
True
Suppose 3*g - 5*g = -8. Suppose w = g*x - 0*w - 1180, w = -4*x + 1180. Let z = x + -2. Is z prime?
True
Let n(y) = -2*y**3 + 21*y**2 + 8*y + 38. Let h be n(11). Suppose -1648 = -h*k + 1867. Is k composite?
True
Suppose -35153*y + 35151*y = -246910. Is y composite?
True
Suppose 3*b - 53215 = -4*i, 2*i + 7201 - 33802 = 5*b. Is i a prime number?
False
Suppose -7*d - 12 = -8*d. Suppose -d*v = -6*v - 30. Suppose -4*p + 234 = v*m - 1293, 2*m - 4*p - 622 = 0. Is m a composite number?
False
Let i be ((-6)/9)/((-1)/579). Let n = i - 15. Is n a prime number?
False
Let h be 5/6 + 665/210. Suppose h*r - 6526 = -3*v, 3*r = 5*r - 4*v - 3274. Is r composite?
True
Suppose 2*i = 4*r + 5*i - 4, 5*i = 5*r + 30. Is 2182 + (-1)/((-3)/(-6)*r) composite?
True
Suppose -4*d - d = 3*p - 81527, -5*d + p = -81531. Suppose -4 = r, -r = -2*i + 2*r + d. Is i prime?
True
Suppose -144 = -13*h + 77. Suppose -h*p - 16040 = -99153. Is p a prime number?
True
Suppose 2*m - 825098 + 337463 = -9*d, 0 = 4*m - 12. Is d composite?
False
Let h = -78 - -80. Suppose h*t = 579 + 107. Suppose 0 = -o + 4*a + t, a + 2 + 3 = 0. Is o a prime number?
False
Let a(i) = 7*i**3 - 15*i**2 + 8*i - 105. Let z(m) = -2*m**3 + m. Let q(t) = -a(t) - 4*z(t). Is q(-14) a prime number?
False
Suppose -106*v = -103*v + 12, -4*v = 4*k - 554220. Is k a composite number?
False
Let m(h) = -5*h**3 - 53*h**2 + 6*h - 40. Let n be m(-22). Suppose -n = -4*z - 2*i + 35860, -31638 = -2*z - 2*i. Is z a composite number?
True
Let h(t) = t - 13. Let a = -22 - -35. Let j be h(a). Suppose 4*v = -j*v - 3*w + 4993, -2*v + 2493 = 5*w. Is v a prime number?
True
Let q(v) be the first derivative of -v**4/4 + 5*v**3/3 - 3*v**2/2 - 8*v + 5. Let n be q(4). Let h(g) = -7*g**3 - 3*g**2 + g - 5. Is h(n) a composite number?
True
Let z be -89025*(3 - 20/4). Suppose 20*p + z = 5*p. Let j = p + 17377. Is j a prime number?
True
Suppose 114 = -308*a + 314*a. Let p(j) = 1335*j + 476. Is p(a) a composite number?
False
Is (-6)/(-4)*14/84*998212 prime?
False
Suppose b - 2*r = -3*r + 2, -10 = -5*b + 4*r. Let u be 6*b/16 + 1396/16. Suppose -4*j = -u + 36. Is j a prime number?
True
Let s = 116617 - -59320. Is s prime?
True
Suppose -14*v + 139*v = -625. Let x(u) = -127*u - 18. Let y(p) = -126*p - 19. Let t(d) = 4*x(d) - 3*y(d). Is t(v) a prime number?
False
Suppose 22*c - 1346029 = -21*c. Is c a prime number?
False
Suppose 0*a = -4*a - 16. Let v be (4 + -2)*3 + a. Suppose 5*u = -v*h + 163, h + 2*h - 239 = -2*u. Is h a prime number?
True
Suppose 0 = -2*t - 5*f - 1, 1 = -5*t + 5*f + 16. Suppose -3*a = -k + 603, -4*a = t*k - k - 575. Is k prime?
False
Let d(g) = -4*g - 65. Let i be d(-28). Suppose -i*s + 42*s = -6995. Is s a prime number?
True
Suppose 1720 - 9585 = -11*l. Suppose -711*r + l*r - 18776 = 0. Is r a prime number?
False
Let w(t) = -703*t - 139. Let m be w(-7). Let z = 7115 - m. Is z a composite number?
False
Suppose -116*s + 118*s = -4*c + 14, -4*c + 29 = -3*s. Suppose n - 623 = 2*o, 0 = -14*n + 19*n - c*o - 3135. Is n a prime number?
True
Suppose -83065 = r - 2*x - 314050, x - 692948 = -3*r. Is r prime?
False
Let q = 1 - -1. Let x be ((-21)/(-2))/(7/(-28)*q). Is (-14)/x + 1939/3 composite?
False
Let q = -32 - -40. Suppose -t = -2*u - 15, t = -2*u - q + 3. Is (((-22)/8)/1)/(u/260) prime?
False
Suppose 0 = 44*y - 30*y - 107324. Suppose 5*n + 3922 = 2*q - 3720, 0 = 2*q + n - y. Is q composite?
True
Let w = -31005 - -186652. Is w composite?
True
Let d(i) = 2*i**2 - 20*i + 20. Let r be d(9). Suppose 0 = r*v - 0*v + 4306. Let x = v + 4384. Is x a composite number?
True
Let f(c) = c**2 - 15*c + 62. Let x be f(8). Is 341492/x + 1 + (-24)/18 a composite number?
True
Suppose 3*o + 7037078 = 4*q, -11*q + 7*q + 2*o = -7037080. Is q prime?
True
Let j = -1685523 - -868344. Is j/11*(-1 - 4/(-6)) composite?
False
Let u(r) = r**3 + 3*r**2 - r - 5. Let n be u(-2). Let i(k) = -289*k**2 - 7*k + 2. Let j(y) = -y. Let d(b) = -i(b) + 3*j(b). Is d(n) prime?
False
Let h(g) = -25948*g - 11226. Is h(-8) composite?
True
Suppose 3*y + 13110 = 22*y. Is ((-31)/2)/((-15)/y) a prime number?
False
Suppose 0 = m + 2*f - 49639, 5*f + 43526 + 6127 = m. Is m composite?
True
Let c be 16/24 + (-100)/(-12). Is ((-4)/6 - (-3)/c)*-24303 a prime number?
True
Let o = 130 - 122. Let l be (o/6)/(-1)*(-1164)/4. Suppose k - 250 = 4*w, -l = 3*k + 4*w - 1154. Is k a composite number?
True
Let i = 34357 + 10696. Is i a composite number?
False
Let h(s) = -s**2 + 5*s + 3. Let p be h(5). Suppose 5*q + 5 + 5 = -5*c, -4*q = 2*c + 4. Suppose q = -p*y + 2*a + 2977, -y + 527 = -3*a - 470. Is y composite?
False
Suppose -9*j - 8992 = -13*j. Let p = j - 1371. Suppose 2*o = v - p - 3686, -4*v + 18246 = -2*o. Is v prime?
True
Suppose -v - r + 24 = 3*v, v + 3*r - 6 = 0. Suppose -v*c + 3*c - 1013 = 5*t, -5*t + 3*c = 1037. Let o = t + 287. Is o a composite number?
True
Let b(j) = -5*j**3 + j**2 + j - 3. Let o be b(2). Let q = o - -37. Suppose -3*y + q*y = -4083. Is y composite?
False
Let k be (-104802)/(((-198)/(-27))/(-11)). Suppose 61*r = 70*r - k. Is r a prime number?
True
Is (-3 - (-62333)/(-7))*217/(-62) a composite number?
False
Suppose -3*t + 5138 = -2*t - 5*r, 2*r + 20552 = 4*t. Let d = 7512 - t. Suppose -14*l + d = -13*l. Is l composite?
True
Let w be ((-671)/33)/((-1)/(-6)). Let o = w - -117. Let v(u) = u**2 - u - 9. Is v(o) composite?
True
Let g(q) = 5632*q - 602. Is g(3) a composite number?
True
Let a = -6779 - -112939. Suppose -18*h + 34*h - a = 0. Is h prime?
False
Let l(c) = -c - 12. Let w be l(-11). Is w/((-5)/(-10)*2/(-3457)) composite?
False
Suppose 0 = -3*n + 3, 3*n = -2*g + 15 - 6. Suppose 0 = g*h + 15, h + 19 + 10 = -3*d. Let c(u) = 3*u**2 + 7*u + 13. Is c(d) a composite number?
False
Suppose 0 = -v - 4*g + 42099, 311*v - 313*v - 5*g = -84183. Is v a prime number?
False
Let q(y) be the second derivative of 1/3*y**3 + 9/4*y**5 - 1/6*y**4 + 4*y + 2*y**2 + 0. Is q(3) a composite number?
True
Let j(b) = -9*b + 126. Let t be j(14). Let g(a) = 4*a**2. Let w be g(-1). Suppose -2*f + l + 2089 = 704, t = -w*f + 5*l + 2779. Is f a composite number?
False
Let k(t) = -2262*t - 16. Let m be k(-2). Suppose 3*y - m = 1585. Is y a prime number?
False
Let y = -330 - -365. Suppose -y*u + 22139 = -21576. Is u composite?
False
Let r(z) = 2*z - 5. Let t be r(13). Suppose -6*x - t = -39. Suppose -x*i + 194 = -511. Is i a composite number?
True
Let k = -121 + 123. Suppose 4*d = 4*h - 13575 - 2201, 7897 = k*h + d. Is h a prime number?
True
Let l(p) be the first derivative of 11*p**3/3 + 9*p**2 + 16*p + 27. Let u be l(11). Suppose 9*x = 4*x + u. Is x prime?
False
Let u(q) = 5*q - 18. Let x be u(4). Suppose 1016 - 3798 = -x*m. Let i = m - 912. Is i a prime number?
True
Suppose -m + v = 61, 4*m - 244 = 8*m + v. Let p = 60 + m. Is 4 + 2582 - (0 - (-1)/p) prime?
False
Let u be (-32)/(-6) - 25/75. Suppose -5*i + 5143 = 3*v, -3*i + 1708 = u*v - 1365. Is i prime?
True
Is 26083 + -8 + (16 - 64/8) composite?
False
Suppose 12*m - 4432 = 10*m + 4662. Is m composite?
False
Let y be (136/408)/(2*1/6). Let x(v) = 2503*v**2 + 7*v - 1. Let s(n) = -n. Let u(d) = 6*s(d) + x(d). Is u(y) a prime number?
True
Let k be (-2)/(-1)*(-322)/(-28). Suppose -x + k = 21. Is 2/(-4)*(-388)/x composite?
False
Let x(b) = -5 + 6 + 2 + 1 + 58*b. Let i be x(18). Suppose -4*u = -3*g - i, -2*g - 142 = -3*u + 645. Is u a prime number?
False
Suppose 32*v = 1